{"id":23,"date":"2025-06-05T18:26:08","date_gmt":"2025-06-05T16:26:08","guid":{"rendered":"https:\/\/maisonboullier.com\/?page_id=23"},"modified":"2025-06-05T22:44:05","modified_gmt":"2025-06-05T20:44:05","slug":"conseil-deco-harmonisation-textile","status":"publish","type":"page","link":"https:\/\/maisonboullier.com\/index.php\/conseil-deco-harmonisation-textile\/","title":{"rendered":"Conseil d\u00e9co &#038; harmonisation textile"},"content":{"rendered":"\n<ul class=\"wp-block-list\">\n<li>Accompagnement dans le choix des tissus<\/li>\n\n\n\n<li>Coordination avec l\u2019existant (mobiliers, peintures, ambiance g\u00e9n\u00e9rale)<\/li>\n<\/ul>\n","protected":false},"excerpt":{"rendered":"","protected":false},"author":2,"featured_media":0,"parent":0,"menu_order":0,"comment_status":"closed","ping_status":"closed","template":"template-fullwidth.php","meta":{"footnotes":""},"class_list":["post-23","page","type-page","status-publish","hentry"],"yoast_head":"<!-- This site is optimized with the Yoast SEO plugin v27.4 - https:\/\/yoast.com\/product\/yoast-seo-wordpress\/ -->\n<title>Conseil d\u00e9coration textile \u00e0 Marseille | Tapissier d\u2019ameublement<\/title>\n<meta name=\"description\" content=\"Accompagnement personnalis\u00e9 pour harmoniser tissus et d\u00e9coration int\u00e9rieure \u00e0 Marseille. Conseils sur mesure et \u00e9chantillons sur demande.\" \/>\n<meta name=\"robots\" content=\"index, follow, max-snippet:-1, max-image-preview:large, max-video-preview:-1\" \/>\n<link rel=\"canonical\" href=\"https:\/\/maisonboullier.com\/index.php\/conseil-deco-harmonisation-textile\/\" \/>\n<meta property=\"og:locale\" content=\"fr_FR\" \/>\n<meta property=\"og:type\" content=\"article\" \/>\n<meta property=\"og:title\" content=\"Conseil d\u00e9coration textile \u00e0 Marseille | Tapissier d\u2019ameublement\" \/>\n<meta property=\"og:description\" content=\"Accompagnement personnalis\u00e9 pour harmoniser tissus et d\u00e9coration int\u00e9rieure \u00e0 Marseille. Conseils sur mesure et \u00e9chantillons sur demande.\" \/>\n<meta property=\"og:url\" content=\"https:\/\/maisonboullier.com\/index.php\/conseil-deco-harmonisation-textile\/\" \/>\n<meta property=\"og:site_name\" content=\"Maison Boullier\" \/>\n<meta property=\"article:modified_time\" content=\"2025-06-05T20:44:05+00:00\" \/>\n<meta name=\"twitter:card\" content=\"summary_large_image\" \/>\n<meta name=\"twitter:label1\" content=\"Dur\u00e9e de lecture estim\u00e9e\" \/>\n\t<meta name=\"twitter:data1\" content=\"1 minute\" \/>\n<script type=\"application\/ld+json\" class=\"yoast-schema-graph\">{\"@context\":\"https:\\\/\\\/schema.org\",\"@graph\":[{\"@type\":\"WebPage\",\"@id\":\"https:\\\/\\\/maisonboullier.com\\\/index.php\\\/conseil-deco-harmonisation-textile\\\/\",\"url\":\"https:\\\/\\\/maisonboullier.com\\\/index.php\\\/conseil-deco-harmonisation-textile\\\/\",\"name\":\"Conseil d\u00e9coration textile \u00e0 Marseille | Tapissier d\u2019ameublement\",\"isPartOf\":{\"@id\":\"https:\\\/\\\/maisonboullier.com\\\/#website\"},\"datePublished\":\"2025-06-05T16:26:08+00:00\",\"dateModified\":\"2025-06-05T20:44:05+00:00\",\"description\":\"Accompagnement personnalis\u00e9 pour harmoniser tissus et d\u00e9coration int\u00e9rieure \u00e0 Marseille. Conseils sur mesure et \u00e9chantillons sur demande.\",\"breadcrumb\":{\"@id\":\"https:\\\/\\\/maisonboullier.com\\\/index.php\\\/conseil-deco-harmonisation-textile\\\/#breadcrumb\"},\"inLanguage\":\"fr-FR\",\"potentialAction\":[{\"@type\":\"ReadAction\",\"target\":[\"https:\\\/\\\/maisonboullier.com\\\/index.php\\\/conseil-deco-harmonisation-textile\\\/\"]}]},{\"@type\":\"BreadcrumbList\",\"@id\":\"https:\\\/\\\/maisonboullier.com\\\/index.php\\\/conseil-deco-harmonisation-textile\\\/#breadcrumb\",\"itemListElement\":[{\"@type\":\"ListItem\",\"position\":1,\"name\":\"Accueil\",\"item\":\"https:\\\/\\\/maisonboullier.com\\\/\"},{\"@type\":\"ListItem\",\"position\":2,\"name\":\"Conseil d\u00e9co &#038; harmonisation textile\"}]},{\"@type\":\"WebSite\",\"@id\":\"https:\\\/\\\/maisonboullier.com\\\/#website\",\"url\":\"https:\\\/\\\/maisonboullier.com\\\/\",\"name\":\"Maison Boullier\",\"description\":\"Tapisserie d&#039;ameublement Marseille\",\"potentialAction\":[{\"@type\":\"SearchAction\",\"target\":{\"@type\":\"EntryPoint\",\"urlTemplate\":\"https:\\\/\\\/maisonboullier.com\\\/?s={search_term_string}\"},\"query-input\":{\"@type\":\"PropertyValueSpecification\",\"valueRequired\":true,\"valueName\":\"search_term_string\"}}],\"inLanguage\":\"fr-FR\"}]}<\/script>\n<!-- \/ Yoast SEO plugin. -->","yoast_head_json":{"title":"Conseil d\u00e9coration textile \u00e0 Marseille | Tapissier d\u2019ameublement","description":"Accompagnement personnalis\u00e9 pour harmoniser tissus et d\u00e9coration int\u00e9rieure \u00e0 Marseille. Conseils sur mesure et \u00e9chantillons sur demande.","robots":{"index":"index","follow":"follow","max-snippet":"max-snippet:-1","max-image-preview":"max-image-preview:large","max-video-preview":"max-video-preview:-1"},"canonical":"https:\/\/maisonboullier.com\/index.php\/conseil-deco-harmonisation-textile\/","og_locale":"fr_FR","og_type":"article","og_title":"Conseil d\u00e9coration textile \u00e0 Marseille | Tapissier d\u2019ameublement","og_description":"Accompagnement personnalis\u00e9 pour harmoniser tissus et d\u00e9coration int\u00e9rieure \u00e0 Marseille. Conseils sur mesure et \u00e9chantillons sur demande.","og_url":"https:\/\/maisonboullier.com\/index.php\/conseil-deco-harmonisation-textile\/","og_site_name":"Maison Boullier","article_modified_time":"2025-06-05T20:44:05+00:00","twitter_card":"summary_large_image","twitter_misc":{"Dur\u00e9e de lecture estim\u00e9e":"1 minute"},"schema":{"@context":"https:\/\/schema.org","@graph":[{"@type":"WebPage","@id":"https:\/\/maisonboullier.com\/index.php\/conseil-deco-harmonisation-textile\/","url":"https:\/\/maisonboullier.com\/index.php\/conseil-deco-harmonisation-textile\/","name":"Conseil d\u00e9coration textile \u00e0 Marseille | Tapissier d\u2019ameublement","isPartOf":{"@id":"https:\/\/maisonboullier.com\/#website"},"datePublished":"2025-06-05T16:26:08+00:00","dateModified":"2025-06-05T20:44:05+00:00","description":"Accompagnement personnalis\u00e9 pour harmoniser tissus et d\u00e9coration int\u00e9rieure \u00e0 Marseille. Conseils sur mesure et \u00e9chantillons sur demande.","breadcrumb":{"@id":"https:\/\/maisonboullier.com\/index.php\/conseil-deco-harmonisation-textile\/#breadcrumb"},"inLanguage":"fr-FR","potentialAction":[{"@type":"ReadAction","target":["https:\/\/maisonboullier.com\/index.php\/conseil-deco-harmonisation-textile\/"]}]},{"@type":"BreadcrumbList","@id":"https:\/\/maisonboullier.com\/index.php\/conseil-deco-harmonisation-textile\/#breadcrumb","itemListElement":[{"@type":"ListItem","position":1,"name":"Accueil","item":"https:\/\/maisonboullier.com\/"},{"@type":"ListItem","position":2,"name":"Conseil d\u00e9co &#038; harmonisation textile"}]},{"@type":"WebSite","@id":"https:\/\/maisonboullier.com\/#website","url":"https:\/\/maisonboullier.com\/","name":"Maison Boullier","description":"Tapisserie d&#039;ameublement Marseille","potentialAction":[{"@type":"SearchAction","target":{"@type":"EntryPoint","urlTemplate":"https:\/\/maisonboullier.com\/?s={search_term_string}"},"query-input":{"@type":"PropertyValueSpecification","valueRequired":true,"valueName":"search_term_string"}}],"inLanguage":"fr-FR"}]}},"_links":{"self":[{"href":"https:\/\/maisonboullier.com\/index.php\/wp-json\/wp\/v2\/pages\/23","targetHints":{"allow":["GET"]}}],"collection":[{"href":"https:\/\/maisonboullier.com\/index.php\/wp-json\/wp\/v2\/pages"}],"about":[{"href":"https:\/\/maisonboullier.com\/index.php\/wp-json\/wp\/v2\/types\/page"}],"author":[{"embeddable":true,"href":"https:\/\/maisonboullier.com\/index.php\/wp-json\/wp\/v2\/users\/2"}],"replies":[{"embeddable":true,"href":"https:\/\/maisonboullier.com\/index.php\/wp-json\/wp\/v2\/comments?post=23"}],"version-history":[{"count":1,"href":"https:\/\/maisonboullier.com\/index.php\/wp-json\/wp\/v2\/pages\/23\/revisions"}],"predecessor-version":[{"id":24,"href":"https:\/\/maisonboullier.com\/index.php\/wp-json\/wp\/v2\/pages\/23\/revisions\/24"}],"wp:attachment":[{"href":"https:\/\/maisonboullier.com\/index.php\/wp-json\/wp\/v2\/media?parent=23"}],"curies":[{"name":"wp","href":"https:\/\/api.w.org\/{rel}","templated":true}]}}